{"id":89,"date":"2025-11-27T10:57:26","date_gmt":"2025-11-27T10:57:26","guid":{"rendered":"https:\/\/devousanous2026.fr\/?page_id=89"},"modified":"2026-03-18T09:14:13","modified_gmt":"2026-03-18T09:14:13","slug":"vision","status":"publish","type":"page","link":"https:\/\/devousanous2026.fr\/?page_id=89","title":{"rendered":"Vision"},"content":{"rendered":"\t\t<div data-elementor-type=\"wp-page\" data-elementor-id=\"89\" class=\"elementor elementor-89\">\n\t\t\t\t<div class=\"elementor-element elementor-element-6cc5e65 e-flex e-con-boxed e-con e-parent\" data-id=\"6cc5e65\" data-element_type=\"container\" data-e-type=\"container\" data-settings=\"{&quot;background_background&quot;:&quot;classic&quot;}\">\n\t\t\t\t\t<div class=\"e-con-inner\">\n\t\t\t\t<div class=\"elementor-element elementor-element-ce69e72 elementor-widget elementor-widget-text-editor\" data-id=\"ce69e72\" data-element_type=\"widget\" data-e-type=\"widget\" data-widget_type=\"text-editor.default\">\n\t\t\t\t\t\t\t\t\t<p><img fetchpriority=\"high\" decoding=\"async\" class=\"alignnone size-medium wp-image-168\" src=\"https:\/\/devousanous2026.fr\/wp-content\/uploads\/2025\/12\/De-vous-a-nous_Campagne-electorale_Logo_20251201_Logo-Petit-300x300.png\" alt=\"De Vous \u00e0 Nous - Cosne Cours sur Loire\" width=\"300\" height=\"300\" srcset=\"https:\/\/devousanous2026.fr\/wp-content\/uploads\/2025\/12\/De-vous-a-nous_Campagne-electorale_Logo_20251201_Logo-Petit-300x300.png 300w, https:\/\/devousanous2026.fr\/wp-content\/uploads\/2025\/12\/De-vous-a-nous_Campagne-electorale_Logo_20251201_Logo-Petit-150x150.png 150w, https:\/\/devousanous2026.fr\/wp-content\/uploads\/2025\/12\/De-vous-a-nous_Campagne-electorale_Logo_20251201_Logo-Petit.png 650w\" sizes=\"(max-width: 300px) 100vw, 300px\" \/><\/p>\t\t\t\t\t\t\t\t<\/div>\n\t\t\t\t<div class=\"elementor-element elementor-element-da24b3f elementor-widget elementor-widget-heading\" data-id=\"da24b3f\" data-element_type=\"widget\" data-e-type=\"widget\" data-widget_type=\"heading.default\">\n\t\t\t\t\t<h1 class=\"elementor-heading-title elementor-size-default\">Notre vision :<\/h1>\t\t\t\t<\/div>\n\t\t\t\t<div class=\"elementor-element elementor-element-f461e8b elementor-widget elementor-widget-heading\" data-id=\"f461e8b\" data-element_type=\"widget\" data-e-type=\"widget\" data-widget_type=\"heading.default\">\n\t\t\t\t\t<h2 class=\"elementor-heading-title elementor-size-default\">Demain se b\u00e2tit, ensemble !\u00a0<\/h2>\t\t\t\t<\/div>\n\t\t\t\t\t<\/div>\n\t\t\t\t<\/div>\n\t\t<div class=\"elementor-element elementor-element-a789cdd e-flex e-con-boxed e-con e-parent\" data-id=\"a789cdd\" data-element_type=\"container\" data-e-type=\"container\">\n\t\t\t\t\t<div class=\"e-con-inner\">\n\t\t\t\t<div class=\"elementor-element elementor-element-0470848 elementor-widget elementor-widget-text-editor\" data-id=\"0470848\" data-element_type=\"widget\" data-e-type=\"widget\" data-widget_type=\"text-editor.default\">\n\t\t\t\t\t\t\t\t\t<p><strong>Cosne-Cours-sur-Loire a les atouts solides d\u2019une sous-pr\u00e9fecture<\/strong>, proche de l\u2019Ile de France, avec un environnement pr\u00e9serv\u00e9, anim\u00e9e par des hommes et des femmes engag\u00e9s pour leur territoire.<\/p><p>Vous, Cosnois, Coursois,\u00a0 Villecad\u00e9ens \u00eates fiers de votre commune. Vous croyez en son potentiel, en son avenir !<\/p><p><strong>La Liste<\/strong> \u201c <a href=\"https:\/\/devousanous2026.fr\/?page_id=84\" target=\"_blank\" rel=\"noopener\">De Vous \u00e0 Nous<\/a> \u201d, dans cet esprit, <strong>porte un projet ambitieux<\/strong>, une impulsion, <strong>pour faire grandir notre ville<\/strong> et r\u00e9pondre aux enjeux futurs.<\/p><p>Nous voulons transformer Cosne-Cours-sur-Loire, la moderniser, faire qu\u2019elle rayonne et se d\u00e9veloppe, forte de sa position de deuxi\u00e8me ville de la Ni\u00e8vre et de son r\u00f4le de centralit\u00e9 d&rsquo;un bassin de vie de plus de 40 000 habitants.<\/p><p><strong>Votre commune<\/strong> doit, plus encore, \u00eatre active, vivante, prometteuse pour les familles, la jeunesse, les a\u00een\u00e9s.<br \/><strong>Qu&rsquo;elle soit le lieu o\u00f9 se r\u00e9alise, pour chacune, pour chacun, son projet de vie !<\/strong><\/p><p>Comme vous, nous voulons b\u00e2tir une ville qui donne envie aux jeunes g\u00e9n\u00e9rations d\u2019y rester ou d\u2019y revenir, qui favorise\u00a0 l&rsquo;installation et l&rsquo;\u00e9panouissement de chacun.<\/p><p><strong>Nous d\u00e9fendons une vision claire<\/strong> : une commune riche de ses diff\u00e9rents quartiers, plus s\u00fbre, qui prend soin de ses habitants et qui les rend heureux d\u2019y vivre. <strong>Une collectivit\u00e9 qui soutient ses forces vives<\/strong> : commer\u00e7ants,<br \/>entrepreneurs, associations.<\/p><p>Ensemble, construisons la cit\u00e9 o\u00f9 chacun trouve sa place, o\u00f9 la solidarit\u00e9 et le lien entre g\u00e9n\u00e9rations deviennent des forces au service du territoire et de celui de<a href=\"https:\/\/www.coeurdeloire.fr\/\" target=\"_blank\" rel=\"noopener\"> C\u0153ur de Loire<\/a> !<\/p>\t\t\t\t\t\t\t\t<\/div>\n\t\t\t\t<div class=\"elementor-element elementor-element-101f6be elementor-widget elementor-widget-heading\" data-id=\"101f6be\" data-element_type=\"widget\" data-e-type=\"widget\" data-widget_type=\"heading.default\">\n\t\t\t\t\t<h3 class=\"elementor-heading-title elementor-size-default\"><a href=\"https:\/\/devousanous2026.fr\/?page_id=84\" target=\"_blank\">L'\u00e9quipe de \"Vous \u00e0 Nous 2026\"<\/a><\/h3>\t\t\t\t<\/div>\n\t\t\t\t\t<\/div>\n\t\t\t\t<\/div>\n\t\t<div class=\"elementor-element elementor-element-3d72af1 e-flex e-con-boxed e-con e-parent\" data-id=\"3d72af1\" data-element_type=\"container\" data-e-type=\"container\">\n\t\t\t\t\t<div class=\"e-con-inner\">\n\t\t\t\t<div class=\"elementor-element elementor-element-d3f2302 elementor-widget elementor-widget-image\" data-id=\"d3f2302\" data-element_type=\"widget\" data-e-type=\"widget\" data-widget_type=\"image.default\">\n\t\t\t\t\t\t\t\t\t\t\t\t\t\t\t<img decoding=\"async\" width=\"1536\" height=\"863\" src=\"https:\/\/devousanous2026.fr\/wp-content\/uploads\/2026\/02\/GLC2411WEB-1536x863.jpg\" class=\"attachment-1536x1536 size-1536x1536 wp-image-1801\" alt=\"\" srcset=\"https:\/\/devousanous2026.fr\/wp-content\/uploads\/2026\/02\/GLC2411WEB-1536x863.jpg 1536w, https:\/\/devousanous2026.fr\/wp-content\/uploads\/2026\/02\/GLC2411WEB-300x169.jpg 300w, https:\/\/devousanous2026.fr\/wp-content\/uploads\/2026\/02\/GLC2411WEB-1024x576.jpg 1024w, https:\/\/devousanous2026.fr\/wp-content\/uploads\/2026\/02\/GLC2411WEB-768x432.jpg 768w, https:\/\/devousanous2026.fr\/wp-content\/uploads\/2026\/02\/GLC2411WEB.jpg 2048w\" sizes=\"(max-width: 1536px) 100vw, 1536px\" \/>\t\t\t\t\t\t\t\t\t\t\t\t\t\t\t<\/div>\n\t\t\t\t\t<\/div>\n\t\t\t\t<\/div>\n\t\t<div class=\"elementor-element elementor-element-5ac038f e-flex e-con-boxed e-con e-parent\" data-id=\"5ac038f\" data-element_type=\"container\" data-e-type=\"container\">\n\t\t\t\t\t<div class=\"e-con-inner\">\n\t\t\t\t<div class=\"elementor-element elementor-element-eb5fccc elementor-widget elementor-widget-text-editor\" data-id=\"eb5fccc\" data-element_type=\"widget\" data-e-type=\"widget\" data-widget_type=\"text-editor.default\">\n\t\t\t\t\t\t\t\t\t<p><em>Photo non exhaustive de l\u2019\u00e9quipe. Absents A. Distel | S. B\u00e9garie | A-L. Elie.<br \/>Cr\u00e9dit Photo : De Vous \u00e0 Nous 2026<\/em><\/p>\t\t\t\t\t\t\t\t<\/div>\n\t\t\t\t\t<\/div>\n\t\t\t\t<\/div>\n\t\t<div class=\"elementor-element elementor-element-8697006 e-flex e-con-boxed e-con e-parent\" data-id=\"8697006\" data-element_type=\"container\" data-e-type=\"container\">\n\t\t\t\t\t<div class=\"e-con-inner\">\n\t\t\t\t<div class=\"elementor-element elementor-element-fe2e0c4 elementor-widget elementor-widget-image\" data-id=\"fe2e0c4\" data-element_type=\"widget\" data-e-type=\"widget\" data-widget_type=\"image.default\">\n\t\t\t\t\t\t\t\t\t\t\t\t\t\t\t<img decoding=\"async\" width=\"800\" height=\"1000\" src=\"https:\/\/devousanous2026.fr\/wp-content\/uploads\/2026\/03\/Sortie-des-Urnes-De-Vous-a-Nous-819x1024.png\" class=\"attachment-large size-large wp-image-1917\" alt=\"\" srcset=\"https:\/\/devousanous2026.fr\/wp-content\/uploads\/2026\/03\/Sortie-des-Urnes-De-Vous-a-Nous-819x1024.png 819w, https:\/\/devousanous2026.fr\/wp-content\/uploads\/2026\/03\/Sortie-des-Urnes-De-Vous-a-Nous-240x300.png 240w, https:\/\/devousanous2026.fr\/wp-content\/uploads\/2026\/03\/Sortie-des-Urnes-De-Vous-a-Nous-768x960.png 768w, https:\/\/devousanous2026.fr\/wp-content\/uploads\/2026\/03\/Sortie-des-Urnes-De-Vous-a-Nous.png 1080w\" sizes=\"(max-width: 800px) 100vw, 800px\" \/>\t\t\t\t\t\t\t\t\t\t\t\t\t\t\t<\/div>\n\t\t\t\t\t<\/div>\n\t\t\t\t<\/div>\n\t\t\t\t<\/div>\n\t\t","protected":false},"excerpt":{"rendered":"<p>Notre vision : Demain se b\u00e2tit, ensemble !\u00a0 Cosne-Cours-sur-Loire a les atouts solides d\u2019une sous-pr\u00e9fecture, proche de l\u2019Ile de France, avec un environnement pr\u00e9serv\u00e9, anim\u00e9e par des hommes et des femmes engag\u00e9s pour leur territoire. Vous, Cosnois, Coursois,\u00a0 Villecad\u00e9ens \u00eates fiers de votre commune. Vous croyez en son potentiel, en son avenir ! La Liste [&hellip;]<\/p>\n","protected":false},"author":1,"featured_media":0,"parent":0,"menu_order":0,"comment_status":"closed","ping_status":"closed","template":"elementor_header_footer","meta":{"footnotes":""},"class_list":["post-89","page","type-page","status-publish","hentry"],"_links":{"self":[{"href":"https:\/\/devousanous2026.fr\/index.php?rest_route=\/wp\/v2\/pages\/89","targetHints":{"allow":["GET"]}}],"collection":[{"href":"https:\/\/devousanous2026.fr\/index.php?rest_route=\/wp\/v2\/pages"}],"about":[{"href":"https:\/\/devousanous2026.fr\/index.php?rest_route=\/wp\/v2\/types\/page"}],"author":[{"embeddable":true,"href":"https:\/\/devousanous2026.fr\/index.php?rest_route=\/wp\/v2\/users\/1"}],"replies":[{"embeddable":true,"href":"https:\/\/devousanous2026.fr\/index.php?rest_route=%2Fwp%2Fv2%2Fcomments&post=89"}],"version-history":[{"count":85,"href":"https:\/\/devousanous2026.fr\/index.php?rest_route=\/wp\/v2\/pages\/89\/revisions"}],"predecessor-version":[{"id":1924,"href":"https:\/\/devousanous2026.fr\/index.php?rest_route=\/wp\/v2\/pages\/89\/revisions\/1924"}],"wp:attachment":[{"href":"https:\/\/devousanous2026.fr\/index.php?rest_route=%2Fwp%2Fv2%2Fmedia&parent=89"}],"curies":[{"name":"wp","href":"https:\/\/api.w.org\/{rel}","templated":true}]}}